Suppose 15*o - 14*o + h = 0. Calculate b(o).
8
Let l(o) be the second derivative of -5*o**3/6 + o**2 + 5*o + 20. Calculate l(1).
-3
Let j be (0 + 5/(-15))*(-2 + -25). Suppose o + j = -3*l - 16, 10 = 2*o. Let y(z) = -z. What is y(l)?
10
Let m(p) = -3*p + 2. Let l(y) = y - 1. Let v(g) = -4*l(g) - m(g). Let j = 0 + 4. What is v(j)?
-2
Suppose 0 = 4*q - 4*n + 92, 27*n = -4*q + 29*n - 82. Let y(r) = r**2 + 16*r - 20. Give y(q).
16
Let l(k) = -k + 18. Let i(f) = -5*f + 56. Let o(j) = 2*i(j) - 6*l(j). Let q(v) = v**3 - 6*v**2 - 7*v + 4. Let b be q(7). Determine o(b).
-12
Let q(b) = -b**2 + 4*b + 7. Let w = -11 + 18. Suppose 0*n - 35 = -w*n. Determine q(n).
2
Suppose -5*m = -22 - 18. Let r(q) = -4 - q + 6 - 1 - 4. What is r(m)?
-11
Let x(b) = -b**2 + 3*b. Let l(m) = 4*m**2 + 2*m + 3. Let n = -49 + 48. Let o be l(n). Calculate x(o).
-10
Let i be 1 + (7 - 4) + -2. Let f(n) be the second derivative of -n**5/20 + n**4/6 - n**3/3 + n**2 - 15*n. Calculate f(i).
-2
Let q(u) be the third derivative of 1/60*u**5 + 0 + 6*u - 1/6*u**3 - 1/8*u**4 + 2*u**2. Suppose 0*r + 8 = -4*r. What is q(r)?
9
Let l(x) = 9*x. Suppose -4 = 4*q - 3*s - 23, -q + 1 = 3*s. Suppose -14 = 2*j - q*o, -4*j + 0*j = 4*o - 8. What is l(j)?
-9
Let s(c) = c**3 - 9*c**2 + 11*c - 3. Let f(a) = -a**3 - 5*a**2 - 9*a - 12. Let x be f(-4). Calculate s(x).
21
Suppose -2*a = 5*l - 0*l + 28, -5*a = 5*l + 25. Let h(v) = 1550*v + 7 - 2*v**2 - 1545*v + 0*v**3 - v**3 - 3*v**2 + 0*v**3. Give h(l).
13
Suppose -56 = -5*l + 2*l - 5*o, -96 = -4*l + 4*o. Let m = 2 - 18. Let j = l + m. Let q(x) = -x**3 + 7*x**2 - 7*x + 3. Calculate q(j).
-3
Let d(z) = 17*z - 937. Let l be d(55). Let g(o) = -o**3 - o**2 + 2*o - 1. Calculate g(l).
-1
Let n(g) = 2 + 11*g + 2*g**2 - 13*g - 4. Suppose 3*v - 4*v - 2*h + 10 = 0, 8 = 2*h. Calculate n(v).
2
Let q = 8 + -5. Let u(y) = -6 + 4 - 1 + 2. Let v(d) = -2*d - 8. Let h(p) = -6*u(p) + v(p). Determine h(q).
-8
Let y(k) be the second derivative of -1/3*k**3 - 9/2*k**2 + 0 + 6*k. Let s be 2 + 9/(-3) + -5. Calculate y(s).
3
Let z(a) = -a**3 - 2*a**2 + a + 4. Let v(y) = y**2 + 8*y + 1. Let c(r) = -7*r + 13. Let w be c(3). Let n be v(w). Suppose -m = 2 + n. What is z(m)?
10
Suppose -2*t = -4*u - 16, 33*t - 32*t + 10 = -4*u. Let d(q) = -4*q**2 + q + 2. Give d(u).
-37
Let y(b) = -b**2 + 7*b + 9. Let z = -23 - -34. Let h(o) = -o**2 + 11*o + 7. Let r be h(z). Calculate y(r).
9
Let a be (-1 + 1)/(2/2). Suppose a = h - 3*z + 5 - 1, 3*z = 6. Let y(k) = -k**3 - 3*k**2 + 8*k**3 + h*k**3 + 2*k**2 - k. Determine y(-1).
-9
Let y(j) = -j**2 - j. Let d(o) = -4*o**2 - 10*o + 2. Let q(l) = d(l) - 3*y(l). Let r = -1188 + 1180. Determine q(r).
-6
Let n(q) = -q**2 - 4*q. Suppose -13*z + 16*z - 9 = 0. Let p be -2 - z*8/12. What is n(p)?
0
Let j be (8/(1 - 3))/1. Suppose 0*u + 3*l = 2*u + 6, -2*l = -4*u + 4. Let v(d) = u*d - 3*d + d - 1. Determine v(j).
-5
Let z(m) = -2*m**2 + 7*m + 5. Let b be z(0). Let o(q) = 7 + 0 - 1 + q. Let n(h) = 5. Let r(g) = b*n(g) - 4*o(g). Calculate r(1).
-3
Suppose -3 = -z - 7. Let t(b) be the first derivative of b**3/3 + 2*b**2 + 5*b - 2. Calculate t(z).
5
Let z = -4 - -8. Let x = z - 1. Let w(l) = -5*l + 2*l + 5 - 7 + l**2. Determine w(x).
-2
Let o = 41 - 38. Let x(p) = -3*p**2 - o*p + p + 0*p**2 + 3*p + 2. Determine x(-2).
-12
Let n(b) = -b**3 - b**2 + b - 1. Suppose -4 = 5*s - 9. Suppose 5*r - 3*r = v + 1, 3*r + s = v. Give n(r).
1
Let s = 303 - 296. Let w(q) = -2*q + 2. Determine w(s).
-12
Let b(n) = n**3 - 8*n**2 - 6*n - 29. Let v = 1276 - 1267. Give b(v).
-2
Let n(h) = 2*h + 3. Let u be 2 + (1 + -1 - -22). Let a = 22 - u. Determine n(a).
-1
Let l(d) = d**3 + 14*d**2 - 31*d + 19. Let r be l(-16). Let o(c) = -2*c + r - 3 + 2 + c**2 - 5. Determine o(5).
12
Suppose -24 = 164*h - 160*h. Let x(c) = -c + 9. Let v(a) = 3*a + 4 - 5*a + 6. Let d(w) = h*v(w) + 7*x(w). Determine d(-2).
-7
Suppose 4*c + 4*x - 44 = 0, 2*c = 7*c - 2*x - 83. Let b(n) = 2*n**2 - c*n**2 + 12*n**2. Give b(-2).
-4
Let i(u) = -12 - 10 + 25 - 2*u. Calculate i(-9).
21
Suppose -8 = 4*x - 20. Suppose 4*b + 8 = 0, -x*q + 2*b - 35 = -6. Let c = -7 - q. Let f(l) = l**2 - 5*l. Calculate f(c).
-4
Let m(i) = 2 + 37*i**2 - i**3 + 58*i - 57*i - 38*i**2. What is m(-1)?
1
Let w(l) = -2*l**2 + 10*l + 3. Suppose f - 1 - 4 = 0. Suppose -f = 3*n - 26. What is w(n)?
-25
Let k(x) be the third derivative of x**5/120 + x**4/2 - x**3/2 + 2*x**2. Let w(a) be the first derivative of k(a). Calculate w(-7).
5
Let q(f) = -f**3 - f**2 - 2*f + 1. Let d(w) = -5*w**3 + 2*w**2 - 5*w - 1. Let l(y) = -d(y) + 4*q(y). Give l(7).
33
Suppose -11*w = -24*w + 52. Let d(v) = -2*v + 2*v**2 + 0*v**3 - v**3 + 2*v**2 + 7 - 2. What is d(w)?
-3
Let a = -84 - -89. Let i = a - 2. Let g(w) = -2*w**2 + 4*w + 1. Determine g(i).
-5
Let l(g) = g**2 - 8*g + 9. Let v(i) = 6*i**2 - 41*i + 46. Let a(c) = 11*l(c) - 2*v(c). Let w be (-6)/4 - 2/4. Let d = -3 + w. Determine a(d).
12
Suppose -53*h + 83 = 401. Let r(y) = y**2 + 11*y - 5. Give r(h).
-35
Let k(a) be the third derivative of -a**6/120 + a**5/12 - a**4/6 - a**3/3 - a**2 - 75*a. Calculate k(5).
-22
Let f(d) = 19*d**2 - 10*d - 4. Let i = 46 - 53. Let a(b) = 6*b**2 - 3*b - 1. Let o(q) = i*a(q) + 2*f(q). Let n = -2 - -4. Calculate o(n).
-15
Let k = -36 + 25. Let i(v) = -8*v - 15. Let w(f) = 3*f + 5. Let p(c) = k*w(c) - 4*i(c). Let q(z) = 2*z**2 - 79*z + 118. Let j be q(38). Give p(j).
1
Let c(n) be the first derivative of -n**4/4 - 2*n**3/3 + 3*n**2/2 - 11025. Suppose -2*z = t + 8, -2*z + 5*t - 7 = 1. Let i = 1 + z. Give c(i).
0
Let h(a) = -3*a**2 + 5*a - 15. Let p(j) = -j**2 + 2*j - 7. Let f(y) = 2*h(y) - 5*p(y). Let z be f(-3). Let r(m) = m - 4. What is r(z)?
-8
Let i(p) be the second derivative of -5*p**3/6 - 5*p**2 - 164*p + 2. Determine i(-5).
15
Let a = -133 - -138. Let q(x) = -193 - x + 0*x + 205. Determine q(a).
7
Let j = 8 - 2. Let c(u) be the second derivative of u**4/12 - u**3/2 - 7*u**2/2 - 229*u. Give c(j).
11
Let r(n) = n**2 + 7*n + 6. Let h(v) = v**2 + v + 1. Let j(b) = 3*b**2 - 13*b + 21. Let z(p) = 2*h(p) - j(p). Let t be z(14). What is r(t)?
-4
Let w be (-34)/8 - 14/(-56). Let g be ((-6)/(-8))/((-2)/(-8)). Let t(p) = 2*p**3 - 3*p**g + 4*p - 4 - 3*p**2 + 0*p. Give t(w).
-4
Let z(i) = -i**2 - 3*i - 10. Let t(o) = 1. Let y(f) = -6*t(f) - z(f). What is y(-3)?
4
Let t(z) = -24*z**2 + 16*z**2 + 13*z**2 + 6. Let i(n) = n**2 + n. Let j(r) = 4*i(r) - t(r). Let s be 2 + -4*2/(-4). What is j(s)?
-6
Let s = 4 + 24. Suppose -5*l + v = s, -l - 5 = 4*v - 12. Let d(j) = -j**3 - 6*j**2 - 4*j - 1. What is d(l)?
-6
Let m(o) = 12*o**3 - 6*o**2 + o + 4. Let h(i) = i**2 - 1. Suppose -8*w + 3 = -11*w. Let a(r) = w*m(r) - 4*h(r). Determine a(1).
-11
Let f(s) = 3*s + 3 - 2*s - 7. Suppose 3*m - 88 = -2*m - 2*d, 2*d - 8 = 0. Let z(a) = a**2 - 17*a + 22. Let n be z(m). Give f(n).
2
Let m(d) = 8*d**2 - d. Let t = -12 - -9. Let b = t - -12. Suppose 0*y - y + 4*k - b = 0, -5 = y - 2*k. Determine m(y).
9
Let t(r) = -7*r**3 + 10*r**2 - 8*r - 8. Let z(p) = 20*p**3 - 29*p**2 + 23*p + 23. Let h(o) = 17*t(o) + 6*z(o). Let q(k) = -k + 28. Let m be q(25). Give h(m).
-1
Let i(f) = 2 - 4*f**2 + f**2 - 2*f + f. Let y(z) = -2*z**2 - 15*z - 6. Let m be y(-6). Suppose -8*s - m = 4. What is i(s)?
-8
Let n(j) = 9*j - 52 + 15*j - 34*j + 6. Determine n(-4).
-6
Let x(w) = -19*w - 136. Let q be x(-6). Let d(f) = -2*f - 47. Determine d(q).
-3
Let l(b) = 15 + 9*b - 5 - 1 - 2 - 2. Determine l(5).
50
Let c(u) = -11*u - 49*u + 71*u - 7*u. Calculate c(1).
4
Let l(s) = s**3 + 5*s**2 + 2*s - 2. Suppose 569 = -6*k + 557. Give l(k).
6
Let o(s) be the second derivative of -1/6*s**3 + s + 7 - 2*s**2. Give o(9).
-13
Let d(k) = k**3 - k + 7. Let g be d(0). Suppose 173 = 5*a - g. Let z(j) = -1 + 5 - a*j + 31*j - 1. Give z(2).
-7
Let l(d) = d**3 - 7*d**2 + 7*d - 3. Let g = -585 + 591. Calculate l(g).
3
Let g(y) = 3 - 4 + 11*y**3 + y + 1. Let c(z) = 6*z + 1 + 0*z + 0*z - 4*z. Let u be c(-1). What is g(u)?
-12
Let f(o) = 5*o. Let n(r) = 5*r**3 + 2*r - 1. Let d be n(1). Let k(y) = y**2 - 9*y + 12. Let t be k(d). Let m = t - -9. Calculate f(m).
15
Let l(u) = -5*u + 7. Let r(j) = -j**2 - 10*j + 14. Let i(q) = -5*l(q) + 2*r(q). Calculate i(5).
-32
Let j(g) = -2*g - 9 + g + 3. Suppose 0 = -5*r + 2*m + 36, -4*r - 50*m + 39 = -55*m. Give j(r).
-12
Let a(n) = n + 7. L